 p be ((-12)/(-15))/((-2)/z). Suppose l - 4*w = -10, p = -2*l + 3*l + 4*w. What is the units digit of l?
2
Suppose 10 = -c + 13. Suppose -i - c*i + 108 = 0. What is the units digit of i?
7
Suppose -2*q = -5*d - 60, -2*d + 60 = 2*q + d. Suppose 4*g - 7*g = -q. What is the units digit of 12/5 - g/25?
2
Let h = 32 - -94. Suppose 3*l - 86 = -2*a, -3*l = 3*a - 0*a - h. What is the units digit of a?
0
Let u be -2 + 2 + 1 + 0. Suppose 4 + u = n. Suppose -2*b - 1 = 3, -n*i + b + 32 = 0. What is the units digit of i?
6
Let i be (-165)/9 - (-2)/(-3). Let v = i - -35. What is the tens digit of v?
1
Let c = 2 - -2. Suppose c*v + v = 160. What is the units digit of v?
2
What is the hundreds digit of (-1*(-40 + 2))/((-2)/(-8))?
1
Let h = 5 - 2. Suppose 0 = -h*z - 4*a + 31, 3*z + z + 2*a - 38 = 0. What is the units digit of z?
9
Let i(r) = r**3 + 2*r - 9*r - 7*r**2 + r + 3 - 6. What is the tens digit of i(8)?
1
Suppose 6*b - 1403 + 365 = 0. What is the hundreds digit of b?
1
Let s = 80 - 23. What is the tens digit of s?
5
Suppose -104 = -3*q + 2*x + 162, 274 = 3*q + 2*x. What is the units digit of q?
0
What is the tens digit of 151/(-2)*(-2 + 0/(-4))?
5
Let n(x) = 20*x**2 + x + 2. What is the tens digit of n(2)?
8
Suppose -3*x + w + 100 = 0, -x - 28 = -2*x + 3*w. What is the tens digit of x?
3
Suppose 3*s = 2 + 7. Suppose -5*n = 5*c, 17 = 2*n - 3*c - s. Suppose 11 = n*r - 13. What is the units digit of r?
6
Let u = -192 + 332. What is the tens digit of u?
4
What is the units digit of (275/(-15))/(1/(-3))?
5
Suppose 2*x + 4 = 0, 3*x - 2 = -2*q + x. Let w be (-19)/(-3) - (-2)/(-6). Let r = w - q. What is the units digit of r?
3
Suppose -3*c + 0*c + 13 = l, 0 = -3*l + 3. Suppose -7 = -c*x + 1. Suppose -a - x = -3. What is the units digit of a?
1
Suppose 2*o + 4 = 4*o. What is the units digit of o?
2
Let v(w) be the first derivative of w**3/3 + 4*w**2 - 3*w + 3. What is the units digit of v(-9)?
6
What is the tens digit of 49 - 0 - (-13 - -16)?
4
Suppose -2*x = -5*x + 2*o + 12, 0 = -3*x + 3*o + 15. Let h = x + 1. Suppose -2*y - 4*s + 20 = 0, y - s = -h*y + 22. What is the units digit of y?
6
Let l be 27/(-33) + (-2)/11. What is the tens digit of l*(0 - -2) + 14?
1
Let y(u) = -3*u + 27. What is the tens digit of y(0)?
2
Suppose -2 = -y - 0. Suppose l = -y*l + 48. Suppose f + 6 - l = 0. What is the units digit of f?
0
Let t be (-18)/30 - (-56)/10. Let w = t - -2. What is the units digit of w?
7
What is the tens digit of (-1)/((-3)/372) + 6/3?
2
Let p(h) = 31*h - 9. What is the hundreds digit of p(5)?
1
What is the units digit of (-1 + 171)*7/((-56)/(-12))?
5
Let w = 7 + -4. Suppose -w*m - m - 72 = 0. What is the units digit of 4/m - (-330)/27?
2
Let m(r) = 2*r**3 - 14*r**2 - 12*r - 7. Let p(z) = z**3 - 13*z**2 - 12*z - 6. Let y(o) = -2*m(o) + 3*p(o). What is the tens digit of y(-10)?
1
Let v be -5*2/20*6. Suppose w = 2 - 1. What is the units digit of (-70)/(-15) - w/v?
5
Let f(q) be the second derivative of 25*q**4/12 - q**2/2 - 2*q. What is the units digit of f(1)?
4
Suppose 0 = -9*g + 3*g - 12. Let b = 6 + -2. What is the tens digit of b + g + (-8)/(-1)?
1
Let t(y) = -2*y + 12. Let r be t(6). Let k = 10 + r. What is the units digit of k?
0
Let l(n) = n - 7. Let z be l(6). Let y = z + -4. What is the units digit of -1*2/y*5?
2
Let g(x) = 26*x - 28. What is the tens digit of g(7)?
5
Suppose 4*v - 10 = -5*x, 3*v = -v. Suppose -1 + 9 = x*b. Suppose 20 = b*y - 4. What is the units digit of y?
6
Let y(n) = -5*n - 2. Let o = -3 + -1. What is the units digit of y(o)?
8
What is the tens digit of 2/(-4)*-8 + 31?
3
Let q be (4 - 3) + -1 + -2. Let n = 9 + q. What is the units digit of n?
7
Suppose 26 = 5*y - 59. What is the tens digit of y?
1
Suppose 5*h + 2*t = 6, 0 = -t - 1 - 1. Suppose f = h*y + 3, -3*f = -0*f + 3*y - 9. What is the units digit of f?
3
Suppose 3*o - 6*o + 121 = -g, -5*o - 5*g = -235. What is the units digit of o?
2
Suppose -4*h + 2*y = -y - 95, 0 = 4*h + 2*y - 70. What is the units digit of h?
0
Let x be -1 + -7 + (-4 - -2). Let h = x - -17. What is the units digit of h?
7
Let y = 63 - 112. What is the units digit of (-1456)/y + 4/14?
0
Suppose 0 = -4*g, 5*f = g + g - 30. Suppose -40 = 3*c - 8*c. Let m = c + f. What is the units digit of m?
2
Suppose -2*g = -2*m + 2*g, -m - 9 = -5*g. What is the units digit of m?
6
Suppose 0*d - 46 = -4*c - 2*d, -c + 25 = -4*d. Let b = 14 - c. What is the units digit of b?
1
Let h(y) be the first derivative of -y**4/4 - 7*y**3/3 - y**2/2 + 2*y + 3. What is the units digit of h(-7)?
9
Let o(c) = 2*c**2 - 2*c. Let m be o(-3). What is the units digit of 3/(-1 + m/21)?
1
Suppose -16 = 5*o + 24. What is the units digit of (2/o)/((-1)/164)?
1
Let q = 209 - 40. What is the hundreds digit of q?
1
Let s = -15 + 19. What is the units digit of 78/(3 + (-4)/s)?
9
Let f(a) be the second derivative of a**5/20 - 5*a**4/12 + a**3 + 3*a**2/2 - 3*a. What is the tens digit of f(5)?
3
Suppose 0 = -2*k + 4*k - 8. Suppose -k*p - 16 = -40. What is the units digit of p?
6
Let u(a) = -3*a - 4. Suppose 0 = -4*h + 5*h + 3. What is the units digit of u(h)?
5
Let j(k) = k**3 + 9*k**2 + 9*k + 19. What is the tens digit of j(-6)?
7
Let v(o) = -4*o + 9. Let u(p) = -5*p + 8. Suppose -2*x + g - 8 = 0, -3*x + 2*g - 9 = 4. Let d(n) = x*u(n) + 4*v(n). What is the units digit of d(10)?
2
Suppose -2*u = -4 - 0. Suppose 26 = u*h - 0*h. What is the tens digit of h?
1
Let h be ((-92)/(-8) + 4)*2. Suppose 4*m - 207 = -h. What is the tens digit of m?
4
Suppose 12 = -4*g + 632. What is the units digit of g?
5
Suppose 0 = 4*o - 7*o + 6. Let q = o - -1. Let d(w) = w**3 - 4*w - 1. What is the tens digit of d(q)?
1
Suppose 5*l + b - 2*b = -50, 4*b - 24 = 4*l. Let y(s) = s**3 + 12*s**2 + 9*s - 14. Let k be y(l). Let c = k - 6. What is the units digit of c?
2
Let n(i) = -i**2 + 7*i + 7. Let j be n(6). Let u = j + -9. What is the units digit of u?
4
Suppose y - 4*j = 3*y - 32, 0 = 3*y - 2*j - 24. What is the tens digit of y?
1
Suppose 0 = 4*z + z + 55. Let l be -1 + (1 - z) - 2. Let h = l - 6. What is the units digit of h?
3
Suppose 0 = k + 1 - 4. Let a = -1 + 3. Suppose -a*l + k = -l. What is the units digit of l?
3
Suppose -3*f = 2*f. Let m be f/2 - (1 + -6). Let x = m - -3. What is the units digit of x?
8
Suppose -3*k + 4 = 5*b, 8*k - 3*k - 3*b - 18 = 0. What is the units digit of k?
3
Suppose -3*n - 14 = -2. Let b be (-4)/(-2)*(n + 1). What is the units digit of b/(-4)*6/1?
9
Suppose 18 - 3 = 5*w. Suppose 50 = w*u - s - 123, -3 = -3*s. What is the units digit of u?
8
Let o(g) = -2 + 3*g - g - 4*g. Let v be o(-3). Suppose v*q = -2*r + 26, 2*q - 4*r - 4 - 24 = 0. What is the units digit of q?
8
Suppose -9*y = -5*y - 640. Suppose a - o - 40 = 0, -4*o + y = 6*a - 2*a. What is the tens digit of a?
4
Suppose 2*a - k - 144 = 174, -173 = -a - 3*k. What is the tens digit of a?
6
Let u(g) = -2 - 2*g + 2*g + 2*g + g. What is the units digit of u(4)?
0
Let a(d) = -11*d - 25. Let m(x) = 6*x + 13. Let w(n) = 3*a(n) + 5*m(n). What is the tens digit of w(-8)?
1
Let r(k) = -2*k**3 + 3 - 6 - k**2 + 2*k**2 - 3*k + 0*k**2. Let b be r(-2). Suppose -4*w + b = -1. What is the units digit of w?
6
Suppose -127*n + 268 = -123*n. What is the tens digit of n?
6
Suppose -5*h = -h + 4*w - 24, 3*h - 12 = 3*w. Suppose p + h = -0*p. Let t = p - -8. What is the units digit of t?
3
Let n(j) = -j - 2. Let d be n(-2). Let c be (-38)/4*(d + 2). Let m = 31 + c. What is the tens digit of m?
1
Let x be (-3 + 7 + -3)/1. What is the tens digit of (x + 3)*(1 - -3)?
1
Let a(n) = n**3 + n**2 - 1. Let j(l) = 4*l**3 + 6*l**2 + l - 2. Let b(r) = -5*a(r) + j(r). What is the units digit of b(0)?
3
Suppose -5*p = -2*f + 32, 0*f - 3*p = -3*f + 66. Let a = -50 - -45. Let z = f + a. What is the units digit of z?
1
Suppose 3*p + p = a + 165, 0 = 5*p - 2*a - 210. Suppose -2*v = -p - 22. Suppose 5*f - v + 11 = 0. What is the units digit of f?
4
Let o be 1/(0 + 3/(-15)). Let k(n) = -9*n - 2. What is the units digit of k(o)?
3
Let z(y) = -y**2 + y + 4. Let g be z(0). Suppose l + g - 5 = 0. What is the units digit of l?
1
Suppose 3*j = 8*j - 40. Let o(x) = 9*x + 99. Let f(a) = a + 14. Let g(r) = -15*f(r) + 2*o(r). What is the tens digit of g(j)?
1
Let y(r) = -r**2 + 8*r - 5. Let i = -3 + 8. What is the tens digit of y(i)?
